{"id":8563,"date":"2020-08-13T11:25:54","date_gmt":"2020-08-13T14:25:54","guid":{"rendered":"http:\/\/dev.rosenbaum.com.br\/?page_id=8563"},"modified":"2024-03-05T10:36:01","modified_gmt":"2024-03-05T13:36:01","slug":"sobre","status":"publish","type":"page","link":"https:\/\/rosenbaum.com.br\/escritorio\/projetos\/o-escritorio\/sobre\/","title":{"rendered":"Sobre"},"content":{"rendered":"<div class=\"module-big-image-above modules\">\n<div><img loading=\"lazy\" class=\"img-responsive aligncenter wp-image-9461 size-full\" src=\"http:\/\/rosenbaum.com.br\/escritorio\/wp-content\/uploads\/2020\/08\/Rosenbaum-Arquitetura_Fundacao-Bradesco-Canuana_Foto-Cristobal-Palma_0254-full.jpg\" alt=\"\" width=\"2500\" height=\"1406\" srcset=\"https:\/\/rosenbaum.com.br\/escritorio\/wp-content\/uploads\/2020\/08\/Rosenbaum-Arquitetura_Fundacao-Bradesco-Canuana_Foto-Cristobal-Palma_0254-full.jpg 2500w, https:\/\/rosenbaum.com.br\/escritorio\/wp-content\/uploads\/2020\/08\/Rosenbaum-Arquitetura_Fundacao-Bradesco-Canuana_Foto-Cristobal-Palma_0254-full-300x169.jpg 300w, https:\/\/rosenbaum.com.br\/escritorio\/wp-content\/uploads\/2020\/08\/Rosenbaum-Arquitetura_Fundacao-Bradesco-Canuana_Foto-Cristobal-Palma_0254-full-768x432.jpg 768w, https:\/\/rosenbaum.com.br\/escritorio\/wp-content\/uploads\/2020\/08\/Rosenbaum-Arquitetura_Fundacao-Bradesco-Canuana_Foto-Cristobal-Palma_0254-full-1024x576.jpg 1024w, https:\/\/rosenbaum.com.br\/escritorio\/wp-content\/uploads\/2020\/08\/Rosenbaum-Arquitetura_Fundacao-Bradesco-Canuana_Foto-Cristobal-Palma_0254-full-130x73.jpg 130w, https:\/\/rosenbaum.com.br\/escritorio\/wp-content\/uploads\/2020\/08\/Rosenbaum-Arquitetura_Fundacao-Bradesco-Canuana_Foto-Cristobal-Palma_0254-full-640x360.jpg 640w, https:\/\/rosenbaum.com.br\/escritorio\/wp-content\/uploads\/2020\/08\/Rosenbaum-Arquitetura_Fundacao-Bradesco-Canuana_Foto-Cristobal-Palma_0254-full-1280x720.jpg 1280w, https:\/\/rosenbaum.com.br\/escritorio\/wp-content\/uploads\/2020\/08\/Rosenbaum-Arquitetura_Fundacao-Bradesco-Canuana_Foto-Cristobal-Palma_0254-full-258x145.jpg 258w\" sizes=\"(max-width: 2500px) 100vw, 2500px\"><\/div>\n<div class=\"row\">\n<div class=\"col-md-6 col-md-offset-3\">\n<h3 class=\"bg-white\">Rosenbaum \u00e9 um escrit\u00f3rio de <strong>arquitetura e design, que desenvolve projetos focados em transforma\u00e7\u00e3o social.\u00a0<\/strong>\n<\/h3>\n<p><strong>Rosenbaum \u00e9 um escrit\u00f3rio de arquitetura e design<\/strong>, fundado e dirigido h\u00e1 mais quase 30 anos por <strong>Marcelo Rosenbaum<\/strong>, Professor Honoris Causa de arquitetura, t\u00edtulo concedido pelo Centro Universit\u00e1rio Belas Artes, e conta com a arquiteta <strong>Adriana Benguela<\/strong>, formada pela Universidade Estadual Paulista na gest\u00e3o dos projetos.<\/p>\n<p>Rosenbaum lidera equipes multidisciplinares em processos de cocria\u00e7\u00e3o, atrav\u00e9s da aplica\u00e7\u00e3o de metodologia participativa e inovadora de projeta\u00e7\u00e3o com o usu\u00e1rio.<\/p>\n<p>Utiliza a arquitetura e o design como ferramentas para valorizar a s\u00f3cio-biodiversidade brasileira, ancorada em conceitos de economia circular e sustentabilidade, em projetos desenvolvidos para organiza\u00e7\u00f5es sociais, governos, comunidades, ind\u00fastrias, empresas e escolas. Sua atua\u00e7\u00e3o na arquitetura e no design tem como foco a pesquisa de t\u00e9cnicas e materiais tradicionais, e seu encontro com novas tecnologias, para solu\u00e7\u00f5es mais sustent\u00e1veis e o reconhecimento do passado como testemunha do futuro.\u00a0<\/p>\n<p>Os principais <strong>pr\u00eamios<\/strong> do escrit\u00f3rio de arquitetura s\u00e3o <strong>RIBA International Prize<\/strong> 2018, o Archdaily Building of the year (2018), <strong>APCA<\/strong> \u2013 Associa\u00e7\u00e3o Paulista de Cr\u00edticos de Arte (2017), <strong>Tomie Ohtake AkzoNobel<\/strong> (2017), e o terceiro lugar no <strong>Premio Oscar Niemeyer para arquitetura da Latin American<\/strong> (2018), <strong>IAI Design Award<\/strong> (Asia Pacific Designers Federation) 2021, <strong>IAB<\/strong> (Instituto dos Arquitetos do Brasil em 2023.<\/p>\n<p>Recebeu o premio de melhores produtos pelo <strong>Museu da Casa Brasileira<\/strong> em 3 edi\u00e7\u00f5es (1999, 2016 e 2017), o <strong>IF Design Award<\/strong> em 2022.\u00a0<\/p>\n<p>Rosenbaum teve seus projetos exibidos em diversas ocasi\u00f5es, inclusive no <strong>Pavilh\u00e3o Brasileiro da Bienal de Arquitetura em Veneza<\/strong> (2018) e no <strong>Conservat\u00f3rio e Jardim Bot\u00e2nico em Genebra<\/strong> (2018).<\/p>\n<\/div>\n<\/div>\n<\/div><div class=\"module-big-image-above modules\">\n<div class=\"row\">\n<div class=\"col-md-6 col-md-offset-3\">\u00a0<\/div>\n<\/div>\n<\/div>","protected":false},"excerpt":{"rendered":"<p>Rosenbaum \u00e9 um escrit\u00f3rio de arquitetura e design, que desenvolve projetos focados em transforma\u00e7\u00e3o social.\u00a0 Rosenbaum \u00e9 um escrit\u00f3rio de arquitetura e design, fundado e dirigido h\u00e1 mais quase 30 anos por Marcelo Rosenbaum, Professor Honoris Causa de arquitetura, t\u00edtulo concedido pelo Centro Universit\u00e1rio Belas Artes, e conta com a arquiteta Adriana Benguela, formada pela [&hellip;]<\/p>\n","protected":false},"author":2,"featured_media":0,"parent":10337,"menu_order":0,"comment_status":"closed","ping_status":"closed","template":"","meta":[],"categories":[],"tags":[],"_links":{"self":[{"href":"https:\/\/rosenbaum.com.br\/escritorio\/wp-json\/wp\/v2\/pages\/8563"}],"collection":[{"href":"https:\/\/rosenbaum.com.br\/escritorio\/wp-json\/wp\/v2\/pages"}],"about":[{"href":"https:\/\/rosenbaum.com.br\/escritorio\/wp-json\/wp\/v2\/types\/page"}],"author":[{"embeddable":true,"href":"https:\/\/rosenbaum.com.br\/escritorio\/wp-json\/wp\/v2\/users\/2"}],"replies":[{"embeddable":true,"href":"https:\/\/rosenbaum.com.br\/escritorio\/wp-json\/wp\/v2\/comments?post=8563"}],"version-history":[{"count":14,"href":"https:\/\/rosenbaum.com.br\/escritorio\/wp-json\/wp\/v2\/pages\/8563\/revisions"}],"predecessor-version":[{"id":10670,"href":"https:\/\/rosenbaum.com.br\/escritorio\/wp-json\/wp\/v2\/pages\/8563\/revisions\/10670"}],"up":[{"embeddable":true,"href":"https:\/\/rosenbaum.com.br\/escritorio\/wp-json\/wp\/v2\/pages\/10337"}],"wp:attachment":[{"href":"https:\/\/rosenbaum.com.br\/escritorio\/wp-json\/wp\/v2\/media?parent=8563"}],"wp:term":[{"taxonomy":"category","embeddable":true,"href":"https:\/\/rosenbaum.com.br\/escritorio\/wp-json\/wp\/v2\/categories?post=8563"},{"taxonomy":"post_tag","embeddable":true,"href":"https:\/\/rosenbaum.com.br\/escritorio\/wp-json\/wp\/v2\/tags?post=8563"}],"curies":[{"name":"wp","href":"https:\/\/api.w.org\/{rel}","templated":true}]}}