{"id":1901,"date":"2016-06-15T21:17:02","date_gmt":"2016-06-16T00:17:02","guid":{"rendered":"http:\/\/rosenbaum.com.br\/?page_id=1901"},"modified":"2021-04-04T23:28:38","modified_gmt":"2021-04-05T02:28:38","slug":"desenvolvimento","status":"publish","type":"page","link":"https:\/\/rosenbaum.com.br\/escritorio\/desenvolvimento\/","title":{"rendered":"Desenvolvimento"},"content":{"rendered":"<div class=\"module-image-above modules\">\n<div class=\"row\">\n<div class=\"col-md-6 col-md-offset-3\">\n<h4 style=\"text-align: center;\">EQUIPE<\/h4>\n<p style=\"text-align: center;\"><strong>Identidade Visual e Conceito<\/strong><br>\nFabiana Zanin<\/p>\n<p style=\"text-align: center;\"><strong>Dire\u00e7\u00e3o de Arte e Planejamento Digital<\/strong><br>\nErica Artuso @ RRROCK\u00a0<\/p>\n<p style=\"text-align: center;\"><strong>Programa\u00e7\u00e3o<\/strong><br>\nGustavo Straube @ Creative Duo<br>\nVanessa Straube @ Creative Duo\u00a0<\/p>\n<\/div>\n<\/div>\n<\/div><div class=\"module-image-above modules\">\n<p><img loading=\"lazy\" class=\"img-responsive center wp-image-1912 size-full aligncenter\" src=\"http:\/\/rosenbaum.com.br\/escritorio\/wp-content\/uploads\/2016\/06\/cc_88x31.png\" width=\"88\" height=\"31\"><\/p>\n<div class=\"row\">\n<div class=\"col-md-6 col-md-offset-3\">\n<p style=\"text-align: center;\">O conte\u00fado deste site est\u00e1 dispon\u00edvel sob a licen\u00e7a:<\/p>\n<p style=\"text-align: center;\"><strong>Atribui\u00e7\u00e3o-SemDeriva\u00e7\u00f5es-SemDerivados <\/strong><br>\n<strong>{ CC BY-NC-ND }<\/strong><\/p>\n<p style=\"text-align: center;\">Saiba mais sobre as licen\u00e7as no site\u00a0<a style=\"background-color: #ffffff;\" href=\"https:\/\/br.creativecommons.org\/licencas\/\" target=\"_blank\" rel=\"noopener noreferrer\">Creative Commons<\/a><span style=\"text-align: center;\">.<\/span><\/p>\n<\/div>\n<\/div>\n<\/div>","protected":false},"excerpt":{"rendered":"<p>EQUIPE Identidade Visual e Conceito Fabiana Zanin Dire\u00e7\u00e3o de Arte e Planejamento Digital Erica Artuso @ RRROCK\u00a0 Programa\u00e7\u00e3o Gustavo Straube @ Creative Duo Vanessa Straube @ Creative Duo\u00a0 O conte\u00fado deste site est\u00e1 dispon\u00edvel sob a licen\u00e7a: Atribui\u00e7\u00e3o-SemDeriva\u00e7\u00f5es-SemDerivados { CC BY-NC-ND } Saiba mais sobre as licen\u00e7as no site\u00a0Creative Commons.<\/p>\n","protected":false},"author":2,"featured_media":0,"parent":0,"menu_order":0,"comment_status":"closed","ping_status":"closed","template":"","meta":[],"categories":[],"tags":[],"_links":{"self":[{"href":"https:\/\/rosenbaum.com.br\/escritorio\/wp-json\/wp\/v2\/pages\/1901"}],"collection":[{"href":"https:\/\/rosenbaum.com.br\/escritorio\/wp-json\/wp\/v2\/pages"}],"about":[{"href":"https:\/\/rosenbaum.com.br\/escritorio\/wp-json\/wp\/v2\/types\/page"}],"author":[{"embeddable":true,"href":"https:\/\/rosenbaum.com.br\/escritorio\/wp-json\/wp\/v2\/users\/2"}],"replies":[{"embeddable":true,"href":"https:\/\/rosenbaum.com.br\/escritorio\/wp-json\/wp\/v2\/comments?post=1901"}],"version-history":[{"count":22,"href":"https:\/\/rosenbaum.com.br\/escritorio\/wp-json\/wp\/v2\/pages\/1901\/revisions"}],"predecessor-version":[{"id":10356,"href":"https:\/\/rosenbaum.com.br\/escritorio\/wp-json\/wp\/v2\/pages\/1901\/revisions\/10356"}],"wp:attachment":[{"href":"https:\/\/rosenbaum.com.br\/escritorio\/wp-json\/wp\/v2\/media?parent=1901"}],"wp:term":[{"taxonomy":"category","embeddable":true,"href":"https:\/\/rosenbaum.com.br\/escritorio\/wp-json\/wp\/v2\/categories?post=1901"},{"taxonomy":"post_tag","embeddable":true,"href":"https:\/\/rosenbaum.com.br\/escritorio\/wp-json\/wp\/v2\/tags?post=1901"}],"curies":[{"name":"wp","href":"https:\/\/api.w.org\/{rel}","templated":true}]}}